{"id":831,"date":"2023-08-22T13:40:43","date_gmt":"2023-08-22T11:40:43","guid":{"rendered":"https:\/\/studio3d.se\/?page_id=831"},"modified":"2025-08-21T15:37:41","modified_gmt":"2025-08-21T13:37:41","slug":"digital-styling","status":"publish","type":"page","link":"https:\/\/studio3d.se\/no\/tjanster\/arkitektur\/3d-visualisering\/digital-styling\/","title":{"rendered":"Digital styling"},"content":{"rendered":"<div class=\"wp-block-cover alignfull is-light\"><span aria-hidden=\"true\" class=\"wp-block-cover__background has-black-background-color has-background-dim-30 has-background-dim\"><\/span><img decoding=\"async\" width=\"2000\" height=\"2000\" src=\"https:\/\/studio3d.se\/wp-content\/uploads\/2023\/08\/studio3d-arkitektur-tjanst-digitalstyling.jpg\" class=\"wp-block-cover__image-background wp-post-image\" alt=\"Digital styling\" data-object-fit=\"cover\" srcset=\"https:\/\/studio3d.se\/wp-content\/uploads\/2023\/08\/studio3d-arkitektur-tjanst-digitalstyling.jpg 2000w, https:\/\/studio3d.se\/wp-content\/uploads\/2023\/08\/studio3d-arkitektur-tjanst-digitalstyling-768x768.jpg 768w, https:\/\/studio3d.se\/wp-content\/uploads\/2023\/08\/studio3d-arkitektur-tjanst-digitalstyling-1024x1024.jpg 1024w, https:\/\/studio3d.se\/wp-content\/uploads\/2023\/08\/studio3d-arkitektur-tjanst-digitalstyling-336x336.jpg 336w, https:\/\/studio3d.se\/wp-content\/uploads\/2023\/08\/studio3d-arkitektur-tjanst-digitalstyling-1536x1536.jpg 1536w, https:\/\/studio3d.se\/wp-content\/uploads\/2023\/08\/studio3d-arkitektur-tjanst-digitalstyling-1312x1312.jpg 1312w, https:\/\/studio3d.se\/wp-content\/uploads\/2023\/08\/studio3d-arkitektur-tjanst-digitalstyling-1610x1610.jpg 1610w, https:\/\/studio3d.se\/wp-content\/uploads\/2023\/08\/studio3d-arkitektur-tjanst-digitalstyling-832x832.jpg 832w\" sizes=\"(max-width: 2000px) 100vw, 2000px\" \/><div class=\"wp-block-cover__inner-container is-layout-flow wp-block-cover-is-layout-flow\">\n<h1 class=\"wp-block-heading has-text-align-center has-white-color has-text-color has-large-font-size\" id=\"digital-styling\">Digital styling<\/h1>\n<\/div><\/div>\n\n\n\n<div class=\"wp-block-group ghostkit-custom-1KFLA7\"><div class=\"wp-block-group__inner-container is-layout-constrained wp-block-group-is-layout-constrained\"><ol class=\"breadcrumbs\">\n            <li class=\"\"><a href=\"https:\/\/studio3d.se\/no\/\">Digital styling<\/a><\/li>\n    <\/ol>\n\n\n\n<div class=\"wp-block-group center ghostkit-custom-Z24HgRY\"><div class=\"wp-block-group__inner-container is-layout-constrained wp-block-group-is-layout-constrained\">\n<div style=\"height:50px\" aria-hidden=\"true\" class=\"wp-block-spacer\"><\/div>\n\n\n\n<h2 class=\"wp-block-heading has-text-align-center\" id=\"hur-gar-det-till\">Overbevis med digital styling<\/h2>\n\n\n\n<p class=\"has-text-align-center\">Store kontorlokaler eller um\u00f8blerte leiligheter og hus trenger ikke lenger \u00e5 v\u00e6re et problem. Vi kan m\u00f8blere rom digitalt, slik at du slipper \u00e5 leie inn fotograf, interi\u00f8rarkitekt og m\u00f8bler.<\/p>\n\n\n\n<p class=\"has-text-align-center\">Produksjonen kan gj\u00f8res i en sv\u00e6rt prispresset versjon der du velger en av flere forh\u00e5ndsbestemte stiler og m\u00f8belpakker, men kan ogs\u00e5 skreddersys etter dine spesifikke materialer og innredninger. Det er mulig \u00e5 fotografere objektene selv eller leie inn egen fotograf, og ellers kan vi tilby fotografering av de tomme lokalene gjennom samarbeidspartnere. Produktet leveres som stillbilder, men ogs\u00e5 kostnadsfritt i en <a href=\"https:\/\/studio3d.se\/no\/eiendom\/tjenester\/visualisering\/2d-sirkulaer-spasertur\/\" data-type=\"page\" data-id=\"829\">2D Visning<\/a>som kan integreres direkte i <a href=\"https:\/\/objektvision.se\/\" target=\"_blank\" data-type=\"link\" data-id=\"https:\/\/objektvision.se\/\" rel=\"noreferrer noopener nofollow\">objektrevisjoner<\/a> bildegalleri.<\/p>\n<\/div><\/div>\n<\/div><\/div>\n\n\n\n<figure class=\"wp-block-image size-full ghostkit-custom-Zohmbn\"><img decoding=\"async\" width=\"2000\" height=\"1333\" src=\"https:\/\/studio3d.se\/wp-content\/uploads\/2023\/08\/studio3d-arkitektur-tjanst-digitalstyling-exempel.jpg\" alt=\"\" class=\"wp-image-1291\" srcset=\"https:\/\/studio3d.se\/wp-content\/uploads\/2023\/08\/studio3d-arkitektur-tjanst-digitalstyling-exempel.jpg 2000w, https:\/\/studio3d.se\/wp-content\/uploads\/2023\/08\/studio3d-arkitektur-tjanst-digitalstyling-exempel-768x512.jpg 768w, https:\/\/studio3d.se\/wp-content\/uploads\/2023\/08\/studio3d-arkitektur-tjanst-digitalstyling-exempel-1024x682.jpg 1024w, https:\/\/studio3d.se\/wp-content\/uploads\/2023\/08\/studio3d-arkitektur-tjanst-digitalstyling-exempel-336x224.jpg 336w, https:\/\/studio3d.se\/wp-content\/uploads\/2023\/08\/studio3d-arkitektur-tjanst-digitalstyling-exempel-1536x1024.jpg 1536w, https:\/\/studio3d.se\/wp-content\/uploads\/2023\/08\/studio3d-arkitektur-tjanst-digitalstyling-exempel-1312x874.jpg 1312w, https:\/\/studio3d.se\/wp-content\/uploads\/2023\/08\/studio3d-arkitektur-tjanst-digitalstyling-exempel-1610x1073.jpg 1610w, https:\/\/studio3d.se\/wp-content\/uploads\/2023\/08\/studio3d-arkitektur-tjanst-digitalstyling-exempel-1248x832.jpg 1248w\" sizes=\"(max-width: 2000px) 100vw, 2000px\" \/><\/figure>\n\n\n\n<div class=\"wp-block-group ghostkit-custom-Z1VvSCh\"><div class=\"wp-block-group__inner-container is-layout-constrained wp-block-group-is-layout-constrained\">\n<div style=\"height:75px\" aria-hidden=\"true\" class=\"wp-block-spacer\"><\/div>\n\n\n\n<div class=\"wp-block-group center ghostkit-custom-Z2FUPi\"><div class=\"wp-block-group__inner-container is-layout-constrained wp-block-group-is-layout-constrained\">\n<h2 class=\"wp-block-heading has-text-align-center\" id=\"hur-gar-det-till\">Hvorfor visualisere med Studio3D?<\/h2>\n\n\n\n<div style=\"height:25px\" aria-hidden=\"true\" class=\"wp-block-spacer\"><\/div>\n\n\n\n<h3 class=\"wp-block-heading has-text-align-center\">Bevist arbeidsprosess<\/h3>\n\n\n\n<p class=\"has-text-align-center ghostkit-custom-27lh97 has-black-color has-text-color\">Hvert prosjekt starter med et oppstartsm\u00f8te der vi samler inn dine \u00f8nsker om prosjektet og den tiltenkte m\u00e5lgruppen. P\u00e5 bakgrunn av dette skapes en persona som representerer kunden din, og som danner grunnlaget for alt fra valg av interi\u00f8rdesign til kameravinkler og lyssetting.<\/p>\n\n\n\n<h3 class=\"wp-block-heading has-text-align-center\">Erfaring<\/h3>\n\n\n\n<p class=\"has-text-align-center ghostkit-custom-ZamlSj has-black-color has-text-color\">Studio3D har over 10 \u00e5rs erfaring, og v\u00e5re dyktige interi\u00f8rarkitekter og prosjektledere kan garantere en produksjon som g\u00e5r raskt og smidig, og som holder en sv\u00e6rt h\u00f8y visuell kvalitet hele veien.<\/p>\n\n\n\n<h3 class=\"wp-block-heading has-text-align-center\">Et grensesnitt<\/h3>\n\n\n\n<p class=\"has-text-align-center ghostkit-custom-1FAO4l has-black-color has-text-color\">Studio3D kan dekke alle roller for et vellykket visualiseringsprosjekt. Vi har strateger, prosjektledere, interi\u00f8rdesignere og 3D-artister in-house. Unng\u00e5 bryet med \u00e5 synkronisere ulike byr\u00e5er med hverandre, og overlat styringen til oss. Du har bare \u00e9n kontaktperson, og vi tar oss av alt bak kulissene uten at du trenger \u00e5 tenke p\u00e5 det.<\/p>\n\n\n\n<h3 class=\"wp-block-heading has-text-align-center\">Rimelig<\/h3>\n\n\n\n<p class=\"has-text-align-center ghostkit-custom-1b8aCq has-black-color has-text-color\">Arkitektoniske visualiseringer med Studio3D er rimelige. Erfaring og en tydelig arbeidsprosess gj\u00f8r at vi kan tilby bildeproduksjon til gode priser med garantert resultat. Ingen skjulte kostnader eller tillegg, vi er s\u00e5 komfortable i v\u00e5r produksjon at vi alltid tilbyr faste priser.<\/p>\n\n\n\n<h2 class=\"wp-block-heading has-text-align-center\" id=\"vill-du-fa-inspiration\">Vil du bli inspirert?<\/h2>\n\n\n\n<p class=\"has-text-align-center\">Vennligst bes\u00f8k v\u00e5r <a href=\"https:\/\/studio3d.se\/no\/portefolje\/?primary=arkitektur\" data-type=\"page\" data-id=\"11\">portef\u00f8lje<\/a>. Der kan du hente inspirasjon fra v\u00e5re andre kunder.<\/p>\n<\/div><\/div>\n<\/div><\/div>","protected":false},"excerpt":{"rendered":"<p>Hvis rommet du \u00f8nsker \u00e5 visualisere allerede eksisterer, men mangler m\u00f8bler, kan vi l\u00f8se det digitalt. Det er ikke lenger noen god grunn til \u00e5 bestille interi\u00f8rdesignere. Visualiseringene kan presenteres som vanlige bilder, men leveres ogs\u00e5 kostnadsfritt i en 2D-Virtuell tour.<\/p>","protected":false},"author":4,"featured_media":1129,"parent":168,"menu_order":7,"comment_status":"closed","ping_status":"closed","template":"","meta":{"_acf_changed":false,"inline_featured_image":false,"ghostkit_customizer_options":"","ghostkit_custom_css":"","ghostkit_custom_js_head":"","ghostkit_custom_js_foot":"","ghostkit_typography":"","footnotes":""},"class_list":["post-831","page","type-page","status-publish","has-post-thumbnail","hentry"],"acf":[],"_links":{"self":[{"href":"https:\/\/studio3d.se\/no\/wp-json\/wp\/v2\/pages\/831","targetHints":{"allow":["GET"]}}],"collection":[{"href":"https:\/\/studio3d.se\/no\/wp-json\/wp\/v2\/pages"}],"about":[{"href":"https:\/\/studio3d.se\/no\/wp-json\/wp\/v2\/types\/page"}],"author":[{"embeddable":true,"href":"https:\/\/studio3d.se\/no\/wp-json\/wp\/v2\/users\/4"}],"replies":[{"embeddable":true,"href":"https:\/\/studio3d.se\/no\/wp-json\/wp\/v2\/comments?post=831"}],"version-history":[{"count":7,"href":"https:\/\/studio3d.se\/no\/wp-json\/wp\/v2\/pages\/831\/revisions"}],"predecessor-version":[{"id":5019,"href":"https:\/\/studio3d.se\/no\/wp-json\/wp\/v2\/pages\/831\/revisions\/5019"}],"up":[{"embeddable":true,"href":"https:\/\/studio3d.se\/no\/wp-json\/wp\/v2\/pages\/168"}],"wp:featuredmedia":[{"embeddable":true,"href":"https:\/\/studio3d.se\/no\/wp-json\/wp\/v2\/media\/1129"}],"wp:attachment":[{"href":"https:\/\/studio3d.se\/no\/wp-json\/wp\/v2\/media?parent=831"}],"curies":[{"name":"wp","href":"https:\/\/api.w.org\/{rel}","templated":true}]}}

<div class="wp-block-cover alignfull is-light"><span aria-hidden="true" class="wp-block-cover__background has-black-background-color has-background-dim-30 has-background-dim"></span><img decoding="async" width="2000" height="2000" src="https://studio3d.se/wp-content/uploads/2023/08/studio3d-arkitektur-tjanst-digitalstyling.jpg" class="wp-block-cover__image-background wp-post-image" alt="Digital styling" data-object-fit="cover" srcset="https://studio3d.se/wp-content/uploads/2023/08/studio3d-arkitektur-tjanst-digitalstyling.jpg 2000w, https://studio3d.se/wp-content/uploads/2023/08/studio3d-arkitektur-tjanst-digitalstyling-768x768.jpg 768w, https://studio3d.se/wp-content/uploads/2023/08/studio3d-arkitektur-tjanst-digitalstyling-1024x1024.jpg 1024w, https://studio3d.se/wp-content/uploads/2023/08/studio3d-arkitektur-tjanst-digitalstyling-336x336.jpg 336w, https://studio3d.se/wp-content/uploads/2023/08/studio3d-arkitektur-tjanst-digitalstyling-1536x1536.jpg 1536w, https://studio3d.se/wp-content/uploads/2023/08/studio3d-arkitektur-tjanst-digitalstyling-1312x1312.jpg 1312w, https://studio3d.se/wp-content/uploads/2023/08/studio3d-arkitektur-tjanst-digitalstyling-1610x1610.jpg 1610w, https://studio3d.se/wp-content/uploads/2023/08/studio3d-arkitektur-tjanst-digitalstyling-832x832.jpg 832w" sizes="(max-width: 2000px) 100vw, 2000px" /><div class="wp-block-cover__inner-container is-layout-flow wp-block-cover-is-layout-flow">
<h1 class="wp-block-heading has-text-align-center has-white-color has-text-color has-large-font-size" id="digital-styling">Digital styling</h1>
</div></div>



<div class="wp-block-group ghostkit-custom-1KFLA7"><div class="wp-block-group__inner-container is-layout-constrained wp-block-group-is-layout-constrained"><ol class="breadcrumbs">
            <li class=""><a href="https://studio3d.se/no/">Digital styling</a></li>
    </ol>



<div class="wp-block-group center ghostkit-custom-Z24HgRY"><div class="wp-block-group__inner-container is-layout-constrained wp-block-group-is-layout-constrained">
<div style="height:50px" aria-hidden="true" class="wp-block-spacer"></div>



<h2 class="wp-block-heading has-text-align-center" id="hur-gar-det-till">Overbevis med digital styling</h2>



<p class="has-text-align-center">Store kontorlokaler eller umøblerte leiligheter og hus trenger ikke lenger å være et problem. Vi kan møblere rom digitalt, slik at du slipper å leie inn fotograf, interiørarkitekt og møbler.</p>



<p class="has-text-align-center">Produksjonen kan gjøres i en svært prispresset versjon der du velger en av flere forhåndsbestemte stiler og møbelpakker, men kan også skreddersys etter dine spesifikke materialer og innredninger. Det er mulig å fotografere objektene selv eller leie inn egen fotograf, og ellers kan vi tilby fotografering av de tomme lokalene gjennom samarbeidspartnere. Produktet leveres som stillbilder, men også kostnadsfritt i en <a href="https://studio3d.se/no/eiendom/tjenester/visualisering/2d-sirkulaer-spasertur/" data-type="page" data-id="829">2D Visning</a>som kan integreres direkte i <a href="https://objektvision.se/" target="_blank" data-type="link" data-id="https://objektvision.se/" rel="noreferrer noopener nofollow">objektrevisjoner</a> bildegalleri.</p>
</div></div>
</div></div>



<figure class="wp-block-image size-full ghostkit-custom-Zohmbn"><img decoding="async" width="2000" height="1333" src="https://studio3d.se/wp-content/uploads/2023/08/studio3d-arkitektur-tjanst-digitalstyling-exempel.jpg" alt="" class="wp-image-1291" srcset="https://studio3d.se/wp-content/uploads/2023/08/studio3d-arkitektur-tjanst-digitalstyling-exempel.jpg 2000w, https://studio3d.se/wp-content/uploads/2023/08/studio3d-arkitektur-tjanst-digitalstyling-exempel-768x512.jpg 768w, https://studio3d.se/wp-content/uploads/2023/08/studio3d-arkitektur-tjanst-digitalstyling-exempel-1024x682.jpg 1024w, https://studio3d.se/wp-content/uploads/2023/08/studio3d-arkitektur-tjanst-digitalstyling-exempel-336x224.jpg 336w, https://studio3d.se/wp-content/uploads/2023/08/studio3d-arkitektur-tjanst-digitalstyling-exempel-1536x1024.jpg 1536w, https://studio3d.se/wp-content/uploads/2023/08/studio3d-arkitektur-tjanst-digitalstyling-exempel-1312x874.jpg 1312w, https://studio3d.se/wp-content/uploads/2023/08/studio3d-arkitektur-tjanst-digitalstyling-exempel-1610x1073.jpg 1610w, https://studio3d.se/wp-content/uploads/2023/08/studio3d-arkitektur-tjanst-digitalstyling-exempel-1248x832.jpg 1248w" sizes="(max-width: 2000px) 100vw, 2000px" /></figure>



<div class="wp-block-group ghostkit-custom-Z1VvSCh"><div class="wp-block-group__inner-container is-layout-constrained wp-block-group-is-layout-constrained">
<div style="height:75px" aria-hidden="true" class="wp-block-spacer"></div>



<div class="wp-block-group center ghostkit-custom-Z2FUPi"><div class="wp-block-group__inner-container is-layout-constrained wp-block-group-is-layout-constrained">
<h2 class="wp-block-heading has-text-align-center" id="hur-gar-det-till">Hvorfor visualisere med Studio3D?</h2>



<div style="height:25px" aria-hidden="true" class="wp-block-spacer"></div>



<h3 class="wp-block-heading has-text-align-center">Bevist arbeidsprosess</h3>



<p class="has-text-align-center ghostkit-custom-27lh97 has-black-color has-text-color">Hvert prosjekt starter med et oppstartsmøte der vi samler inn dine ønsker om prosjektet og den tiltenkte målgruppen. På bakgrunn av dette skapes en persona som representerer kunden din, og som danner grunnlaget for alt fra valg av interiørdesign til kameravinkler og lyssetting.</p>



<h3 class="wp-block-heading has-text-align-center">Erfaring</h3>



<p class="has-text-align-center ghostkit-custom-ZamlSj has-black-color has-text-color">Studio3D har over 10 års erfaring, og våre dyktige interiørarkitekter og prosjektledere kan garantere en produksjon som går raskt og smidig, og som holder en svært høy visuell kvalitet hele veien.</p>



<h3 class="wp-block-heading has-text-align-center">Et grensesnitt</h3>



<p class="has-text-align-center ghostkit-custom-1FAO4l has-black-color has-text-color">Studio3D kan dekke alle roller for et vellykket visualiseringsprosjekt. Vi har strateger, prosjektledere, interiørdesignere og 3D-artister in-house. Unngå bryet med å synkronisere ulike byråer med hverandre, og overlat styringen til oss. Du har bare én kontaktperson, og vi tar oss av alt bak kulissene uten at du trenger å tenke på det.</p>



<h3 class="wp-block-heading has-text-align-center">Rimelig</h3>



<p class="has-text-align-center ghostkit-custom-1b8aCq has-black-color has-text-color">Arkitektoniske visualiseringer med Studio3D er rimelige. Erfaring og en tydelig arbeidsprosess gjør at vi kan tilby bildeproduksjon til gode priser med garantert resultat. Ingen skjulte kostnader eller tillegg, vi er så komfortable i vår produksjon at vi alltid tilbyr faste priser.</p>



<h2 class="wp-block-heading has-text-align-center" id="vill-du-fa-inspiration">Vil du bli inspirert?</h2>



<p class="has-text-align-center">Vennligst besøk vår <a href="https://studio3d.se/no/portefolje/?primary=arkitektur" data-type="page" data-id="11">portefølje</a>. Der kan du hente inspirasjon fra våre andre kunder.</p>
</div></div>
</div></div>

<p>Hvis rommet du ønsker å visualisere allerede eksisterer, men mangler møbler, kan vi løse det digitalt. Det er ikke lenger noen god grunn til å bestille interiørdesignere. Visualiseringene kan presenteres som vanlige bilder, men leveres også kostnadsfritt i en 2D-Virtuell tour.</p>
